 when 410 is divided by 157.
96
Calculate the remainder when 1483 is divided by 69.
34
Calculate the remainder when 11871 is divided by 1319.
0
What is the remainder when 551 is divided by 15?
11
Calculate the remainder when 694 is divided by 29.
27
Calculate the remainder when 579 is divided by 7.
5
Calculate the remainder when 614 is divided by 2.
0
Calculate the remainder when 1298 is divided by 52.
50
What is the remainder when 420 is divided by 141?
138
What is the remainder when 127 is divided by 54?
19
What is the remainder when 7133 is divided by 75?
8
Calculate the remainder when 173 is divided by 56.
5
Calculate the remainder when 52 is divided by 14.
10
Calculate the remainder when 628 is divided by 47.
17
Calculate the remainder when 8225 is divided by 18.
17
Calculate the remainder when 432 is divided by 115.
87
Calculate the remainder when 162 is divided by 47.
21
Calculate the remainder when 608 is divided by 125.
108
Calculate the remainder when 88 is divided by 47.
41
What is the remainder when 197 is divided by 34?
27
Calculate the remainder when 1142 is divided by 367.
41
What is the remainder when 164 is divided by 93?
71
What is the remainder when 105 is divided by 28?
21
What is the remainder when 3799 is divided by 181?
179
What is the remainder when 749 is divided by 739?
10
Calculate the remainder when 596 is divided by 43.
37
Calculate the remainder when 72 is divided by 31.
10
What is the remainder when 51 is divided by 12?
3
Calculate the remainder when 529 is divided by 86.
13
Calculate the remainder when 455 is divided by 57.
56
Calculate the remainder when 1096 is divided by 92.
84
What is the remainder when 58 is divided by 20?
18
What is the remainder when 917 is divided by 54?
53
What is the remainder when 613 is divided by 502?
111
Calculate the remainder when 1167 is divided by 33.
12
Calculate the remainder when 4327 is divided by 76.
71
What is the remainder when 2790 is divided by 925?
15
Calculate the remainder when 331 is divided by 37.
35
What is the remainder when 7399 is divided by 16?
7
What is the remainder when 1820 is divided by 25?
20
What is the remainder when 362 is divided by 124?
114
What is the remainder when 285 is divided by 148?
137
What is the remainder when 879 is divided by 139?
45
What is the remainder when 139 is divided by 13?
9
What is the remainder when 62 is divided by 24?
14
What is the remainder when 317 is divided by 105?
2
What is the remainder when 439 is divided by 39?
10
What is the remainder when 371 is divided by 89?
15
What is the remainder when 679 is divided by 34?
33
What is the remainder when 3441 is divided by 84?
81
Calculate the remainder when 2872 is divided by 24.
16
What is the remainder when 597 is divided by 199?
0
What is the remainder when 877 is divided by 88?
85
What is the remainder when 880 is divided by 437?
6
Calculate the remainder when 2160 is divided by 180.
0
Calculate the remainder when 30990 is divided by 26.
24
What is the remainder when 202 is divided by 27?
13
Calculate the remainder when 2054 is divided by 103.
97
What is the remainder when 736 is divided by 268?
200
Calculate the remainder when 283 is divided by 16.
11
What is the remainder when 1487 is divided by 6?
5
Calculate the remainder when 404 is divided by 90.
44
What is the remainder when 6036 is divided by 183?
180
Calculate the remainder when 922 is divided by 47.
29
Calculate the remainder when 6987 is divided by 92.
87
Calculate the remainder when 731 is divided by 170.
51
Calculate the remainder when 387 is divided by 78.
75
Calculate the remainder when 272 is divided by 23.
19
Calculate the remainder when 491 is divided by 31.
26
Calculate the remainder when 371 is divided by 178.
15
What is the remainder when 1086 is divided by 9?
6
Calculate the remainder when 41 is divided by 16.
9
Calculate the remainder when 318 is divided by 153.
12
What is the remainder when 213 is divided by 32?
21
What is the remainder when 46 is divided by 8?
6
Calculate the remainder when 3806 is divided by 28.
26
What is the remainder when 36 is divided by 14?
8
Calculate the remainder when 698 is divided by 178.
164
Calculate the remainder when 773 is divided by 169.
97
Calculate the remainder when 25 is divided by 6.
1
Calculate the remainder when 1671 is divided by 22.
21
What is the remainder when 8699 is divided by 11?
9
What is the remainder when 330 is divided by 3?
0
What is the remainder when 63 is divided by 33?
30
Calculate the remainder when 55 is divided by 31.
24
What is the remainder when 970 is divided by 160?
10
What is the remainder when 64 is divided by 7?
1
What is the remainder when 3250 is divided by 170?
20
What is the remainder when 179 is divided by 9?
8
What is the remainder when 503 is divided by 24?
23
Calculate the remainder when 146 is divided by 41.
23
What is the remainder when 518 is divided by 173?
172
Calculate the remainder when 134 is divided by 34.
32
What is the remainder when 30 is divided by 17?
13
What is the remainder when 7431 is divided by 59?
56
Calculate the remainder when 54136 is divided by 21.
19
Calculate the remainder when 456 is divided by 9.
6
What is the remainder when 2 is divided by 1?
0
What is the remainder when 635 is divided by 165?
140
Calculate the remainder when 503 is divided by 11.
8
Calculate the remainder when 83 is divided by 14.
13
What is the remainder when 100 is divided by 18?
10
What is the remainder when 675 is divided by 34?
29
Calculate the remainder when 355 is divided by 134.
87
Calculate the remainder when 2857 is divided by 65.
62
What is the remainder when 161 is divided by 9?
8
Calculate the remainder when 15117 is divided by 27.
24
What is the remainder when 141 is divided by 28?
1
What is the remainder when 3814 is divided by 53?
51
Calculate the remainder when 150 is divided by 143.
7
Calculate the remainder when 40 is divided by 7.
5
Calculate the remainder when 1046 is divided by 10.
6
Calculate the remainder when 550 is divided by 282.
268
Calculate the remainder when 288 is divided by 137.
14
Calculate the remainder when 30 is divided by 26.
4
Calculate the remainder when 166 is divided by 46.
28
Calculate the remainder when 11 is divided by 8.
3
What is the remainder when 66 is divided by 10?
6
What is the remainder when 490 is divided by 41?
39
What is the remainder when 247 is divided by 128?
119
Calculate the remainder when 723 is divided by 104.
99
What is the remainder when 358 is divided by 2?
0
Calculate the remainder when 248 is divided by 17.
10
What is the remainder when 274 is divided by 7?
1
Calculate the remainder when 408 is divided by 41.
39
What is the remainder when 2507 is divided by 11?
10
Calculate the remainder when 119 is divided by 33.
20
Calculate the remainder when 131 is divided by 45.
41
What is the remainder when 828 is divided by 355?
118
What is the remainder when 660 is divided by 203?
51
What is the remainder when 199 is divided by 97?
5
What is the remainder when 73 is divided by 52?
21
What is the remainder when 529 is divided by 188?
153
What is the remainder when 66 is divided by 30?
6
Calculate the remainder when 467 is divided by 12.
11
Calculate the remainder when 322 is divided by 34.
16
What is the remainder when 100 is divided by 45?
10
What is the remainder when 3313 is divided by 237?
232
What is the remainder when 1783 is divided by 15?
13
Calculate the remainder when 1045 is divided by 33.
22
Calculate the remainder when 3077 is divided by 67.
62
What is the remainder when 27800 is divided by 21?
17
What is the remainder when 307 is divided by 164?
143
What is the remainder when 344 is divided by 61?
39
What is the remainder when 257 is divided by 65?
62
What is the remainder when 7 is divided by 5?
2
Calculate the remainder when 3344 is divided by 12.
8
What is the remainder when 376 is divided by 17?
2
Calculate the remainder when 9173 is divided by 21.
17
What is the remainder when 87 is divided by 33?
21
What is the remainder when 122 is divided by 26?
18
What is the remainder when 1911 is divided by 161?
140
What is the remainder when 409 is divided by 44?
13
What is the remainder when 459 is divided by 180?
99
What is the remainder when 774 is divid